[INFO] cloning repository https://github.com/ttacon/github.rs
[INFO] running `Command { std: "git" "-c" "credential.helper=" "-c" "credential.helper=/workspace/cargo-home/bin/git-credential-null" "clone" "--bare" "https://github.com/ttacon/github.rs" "/workspace/cache/git-repos/https%3A%2F%2Fgithub.com%2Fttacon%2Fgithub.rs", kill_on_drop: false }`
[INFO] [stderr] Cloning into bare repository '/workspace/cache/git-repos/https%3A%2F%2Fgithub.com%2Fttacon%2Fgithub.rs'...
[INFO] running `Command { std: "git" "rev-parse" "HEAD", kill_on_drop: false }`
[INFO] [stdout] 6bc1bd097a6f1ea4c4f39e4835c9e8374bd540af
[INFO] checking ttacon/github.rs against master#af3c6e733a40e671550e0f0f5aeecaa13772ba56 for pr-74989
[INFO] running `Command { std: "git" "clone" "/workspace/cache/git-repos/https%3A%2F%2Fgithub.com%2Fttacon%2Fgithub.rs" "/workspace/builds/worker-4/source", kill_on_drop: false }`
[INFO] [stderr] Cloning into '/workspace/builds/worker-4/source'...
[INFO] [stderr] done.
[INFO] validating manifest of git repo https://github.com/ttacon/github.rs on toolchain af3c6e733a40e671550e0f0f5aeecaa13772ba56
[INFO] running `Command { std: "/workspace/cargo-home/bin/cargo" "+af3c6e733a40e671550e0f0f5aeecaa13772ba56" "read-manifest" "--manifest-path" "Cargo.toml", kill_on_drop: false }`
[INFO] started tweaking git repo https://github.com/ttacon/github.rs
[INFO] finished tweaking git repo https://github.com/ttacon/github.rs
[INFO] tweaked toml for git repo https://github.com/ttacon/github.rs written to /workspace/builds/worker-4/source/Cargo.toml
[INFO] crate git repo https://github.com/ttacon/github.rs already has a lockfile, it will not be regenerated
[INFO] running `Command { std: "/workspace/cargo-home/bin/cargo" "+af3c6e733a40e671550e0f0f5aeecaa13772ba56" "fetch" "--locked" "--manifest-path" "Cargo.toml", kill_on_drop: false }`
[INFO] [stderr] error: the lock file /workspace/builds/worker-4/source/Cargo.lock needs to be updated but --locked was passed to prevent this
[INFO] [stderr] If you want to try to generate the lock file without accessing the network, use the --offline flag.
[INFO] the lockfile is outdated, regenerating it
[INFO] running `Command { std: "/workspace/cargo-home/bin/cargo" "+af3c6e733a40e671550e0f0f5aeecaa13772ba56" "generate-lockfile" "--manifest-path" "Cargo.toml" "-Zno-index-update", kill_on_drop: false }`
[INFO] running `Command { std: "/workspace/cargo-home/bin/cargo" "+af3c6e733a40e671550e0f0f5aeecaa13772ba56" "fetch" "--locked" "--manifest-path" "Cargo.toml", kill_on_drop: false }`
[INFO] running `Command { std: "docker" "create" "-v" "/var/lib/crater-agent-workspace/builds/worker-4/target:/opt/rustwide/target:rw,Z" "-v" "/var/lib/crater-agent-workspace/builds/worker-4/source:/opt/rustwide/workdir:ro,Z" "-v" "/var/lib/crater-agent-workspace/cargo-home:/opt/rustwide/cargo-home:ro,Z" "-v" "/var/lib/crater-agent-workspace/rustup-home:/opt/rustwide/rustup-home:ro,Z" "-e" "SOURCE_DIR=/opt/rustwide/workdir" "-e" "CARGO_TARGET_DIR=/opt/rustwide/target" "-e" "CARGO_HOME=/opt/rustwide/cargo-home" "-e" "RUSTUP_HOME=/opt/rustwide/rustup-home" "-w" "/opt/rustwide/workdir" "-m" "1610612736" "--user" "0:0" "--network" "none" "rustops/crates-build-env@sha256:d92eaeed33fa75130ca1ee6c8a01d1ffb62bac859dfdfb3450e3e5d1c0146529" "/opt/rustwide/cargo-home/bin/cargo" "+af3c6e733a40e671550e0f0f5aeecaa13772ba56" "metadata" "--no-deps" "--format-version=1", kill_on_drop: false }`
[INFO] [stdout] ee741298388f1dcefe1b0fd95a73c9baa0de075489466b261fe6e9779527ec99
[INFO] [stderr] WARNING: Your kernel does not support swap limit capabilities or the cgroup is not mounted. Memory limited without swap.
[INFO] running `Command { std: "docker" "start" "-a" "ee741298388f1dcefe1b0fd95a73c9baa0de075489466b261fe6e9779527ec99", kill_on_drop: false }`
[INFO] running `Command { std: "docker" "inspect" "ee741298388f1dcefe1b0fd95a73c9baa0de075489466b261fe6e9779527ec99", kill_on_drop: false }`
[INFO] running `Command { std: "docker" "rm" "-f" "ee741298388f1dcefe1b0fd95a73c9baa0de075489466b261fe6e9779527ec99", kill_on_drop: false }`
[INFO] [stdout] ee741298388f1dcefe1b0fd95a73c9baa0de075489466b261fe6e9779527ec99
[INFO] running `Command { std: "docker" "create" "-v" "/var/lib/crater-agent-workspace/builds/worker-4/target:/opt/rustwide/target:rw,Z" "-v" "/var/lib/crater-agent-workspace/builds/worker-4/source:/opt/rustwide/workdir:ro,Z" "-v" "/var/lib/crater-agent-workspace/cargo-home:/opt/rustwide/cargo-home:ro,Z" "-v" "/var/lib/crater-agent-workspace/rustup-home:/opt/rustwide/rustup-home:ro,Z" "-e" "SOURCE_DIR=/opt/rustwide/workdir" "-e" "CARGO_TARGET_DIR=/opt/rustwide/target" "-e" "CARGO_INCREMENTAL=0" "-e" "RUST_BACKTRACE=full" "-e" "RUSTFLAGS=--cap-lints=forbid" "-e" "CARGO_HOME=/opt/rustwide/cargo-home" "-e" "RUSTUP_HOME=/opt/rustwide/rustup-home" "-w" "/opt/rustwide/workdir" "-m" "1610612736" "--user" "0:0" "--network" "none" "rustops/crates-build-env@sha256:d92eaeed33fa75130ca1ee6c8a01d1ffb62bac859dfdfb3450e3e5d1c0146529" "/opt/rustwide/cargo-home/bin/cargo" "+af3c6e733a40e671550e0f0f5aeecaa13772ba56" "check" "--frozen" "--all" "--all-targets" "--message-format=json", kill_on_drop: false }`
[INFO] [stdout] 07eb423c36251529b927250f08c1a0e79e061ff0eddfd6075b4d0df0474c9391
[INFO] [stderr] WARNING: Your kernel does not support swap limit capabilities or the cgroup is not mounted. Memory limited without swap.
[INFO] running `Command { std: "docker" "start" "-a" "07eb423c36251529b927250f08c1a0e79e061ff0eddfd6075b4d0df0474c9391", kill_on_drop: false }`
[INFO] [stderr]     Checking cfg-if v0.1.10
[INFO] [stderr]    Compiling syn v1.0.41
[INFO] [stderr]     Checking lazy_static v1.4.0
[INFO] [stderr]     Checking slab v0.4.2
[INFO] [stderr]    Compiling httparse v1.3.4
[INFO] [stderr]     Checking futures-task v0.3.5
[INFO] [stderr]     Checking tower-service v0.3.0
[INFO] [stderr]     Checking futures-channel v0.3.5
[INFO] [stderr]     Checking log v0.4.11
[INFO] [stderr]     Checking net2 v0.2.35
[INFO] [stderr]     Checking socket2 v0.3.15
[INFO] [stderr]     Checking tracing-core v0.1.16
[INFO] [stderr]     Checking want v0.3.0
[INFO] [stderr]     Checking mio v0.6.22
[INFO] [stderr]     Checking tracing v0.1.19
[INFO] [stderr]     Checking tokio v0.2.22
[INFO] [stderr]     Checking tokio-util v0.3.1
[INFO] [stderr]    Compiling pin-project-internal v0.4.23
[INFO] [stderr]     Checking pin-project v0.4.23
[INFO] [stderr]     Checking futures-util v0.3.5
[INFO] [stderr]     Checking h2 v0.2.6
[INFO] [stderr]     Checking hyper v0.13.7
[INFO] [stderr]     Checking github v0.1.0 (/opt/rustwide/workdir)
[INFO] [stdout] error[E0432]: unresolved import `hyper::client::response`
[INFO] [stdout]  --> src/client.rs:4:27
[INFO] [stdout]   |
[INFO] [stdout] 4 | use hyper::client::{self, response};
[INFO] [stdout]   |                           ^^^^^^^^
[INFO] [stdout]   |                           |
[INFO] [stdout]   |                           no `response` in `client`
[INFO] [stdout]   |                           help: a similar name exists in the module: `Response`
[INFO] [stdout] 
[INFO] [stdout] 
[INFO] [stdout] error[E0432]: unresolved imports `hyper::header::UserAgent`, `hyper::header::Accept`, `hyper::header::QualityItem`, `hyper::header::Quality`
[INFO] [stdout]  --> src/client.rs:5:21
[INFO] [stdout]   |
[INFO] [stdout] 5 | use hyper::header::{UserAgent, Accept, QualityItem, Quality};
[INFO] [stdout]   |                     ^^^^^^^^^  ^^^^^^  ^^^^^^^^^^^  ^^^^^^^ no `Quality` in `header`
[INFO] [stdout]   |                     |          |       |
[INFO] [stdout]   |                     |          |       no `QualityItem` in `header`
[INFO] [stdout]   |                     |          no `Accept` in `header`
[INFO] [stdout]   |                     no `UserAgent` in `header`
[INFO] [stdout] 
[INFO] [stdout] 
[INFO] [stdout] error[E0432]: unresolved import `hyper::mime`
[INFO] [stdout]  --> src/client.rs:6:12
[INFO] [stdout]   |
[INFO] [stdout] 6 | use hyper::mime::Mime;
[INFO] [stdout]   |            ^^^^ could not find `mime` in `hyper`
[INFO] [stdout] 
[INFO] [stdout] 
[INFO] [stdout] error[E0107]: wrong number of type arguments: expected at least 1, found 0
[INFO] [stdout]   --> src/client.rs:11:17
[INFO] [stdout]    |
[INFO] [stdout] 11 |     pub client: client::Client,
[INFO] [stdout]    |                 ^^^^^^^^^^^^^^ expected at least 1 type argument
[INFO] [stdout] 
[INFO] [stdout] 
[INFO] [stdout] error: aborting due to 4 previous errors
[INFO] [stdout] 
[INFO] [stdout] 
[INFO] [stdout] Some errors have detailed explanations: E0107, E0432.
[INFO] [stdout] 
[INFO] [stdout] For more information about an error, try `rustc --explain E0107`.
[INFO] [stdout] 
[INFO] [stdout] error[E0432]: unresolved import `hyper::client::response`
[INFO] [stdout]  --> src/client.rs:4:27
[INFO] [stdout]   |
[INFO] [stdout] 4 | use hyper::client::{self, response};
[INFO] [stdout]   |                           ^^^^^^^^
[INFO] [stdout]   |                           |
[INFO] [stdout]   |                           no `response` in `client`
[INFO] [stdout]   |                           help: a similar name exists in the module: `Response`
[INFO] [stdout] 
[INFO] [stdout] 
[INFO] [stdout] error[E0432]: unresolved imports `hyper::header::UserAgent`, `hyper::header::Accept`, `hyper::header::QualityItem`, `hyper::header::Quality`
[INFO] [stdout]  --> src/client.rs:5:21
[INFO] [stdout]   |
[INFO] [stdout] 5 | use hyper::header::{UserAgent, Accept, QualityItem, Quality};
[INFO] [stdout]   |                     ^^^^^^^^^  ^^^^^^  ^^^^^^^^^^^  ^^^^^^^ no `Quality` in `header`
[INFO] [stdout]   |                     |          |       |
[INFO] [stdout]   |                     |          |       no `QualityItem` in `header`
[INFO] [stdout]   |                     |          no `Accept` in `header`
[INFO] [stdout]   |                     no `UserAgent` in `header`
[INFO] [stdout] 
[INFO] [stdout] 
[INFO] [stdout] error[E0432]: unresolved import `hyper::mime`
[INFO] [stdout]  --> src/client.rs:6:12
[INFO] [stdout]   |
[INFO] [stdout] 6 | use hyper::mime::Mime;
[INFO] [stdout]   |            ^^^^ could not find `mime` in `hyper`
[INFO] [stdout] 
[INFO] [stdout] 
[INFO] [stderr] error: could not compile `github`.
[INFO] [stderr] 
[INFO] [stderr] To learn more, run the command again with --verbose.
[INFO] [stderr] warning: build failed, waiting for other jobs to finish...
[INFO] [stdout] error[E0107]: wrong number of type arguments: expected at least 1, found 0
[INFO] [stdout]   --> src/client.rs:11:17
[INFO] [stdout]    |
[INFO] [stdout] 11 |     pub client: client::Client,
[INFO] [stdout]    |                 ^^^^^^^^^^^^^^ expected at least 1 type argument
[INFO] [stdout] 
[INFO] [stdout] 
[INFO] [stdout] error: aborting due to 4 previous errors
[INFO] [stdout] 
[INFO] [stdout] 
[INFO] [stdout] Some errors have detailed explanations: E0107, E0432.
[INFO] [stdout] 
[INFO] [stdout] For more information about an error, try `rustc --explain E0107`.
[INFO] [stdout] 
[INFO] [stderr] error: build failed
[INFO] running `Command { std: "docker" "inspect" "07eb423c36251529b927250f08c1a0e79e061ff0eddfd6075b4d0df0474c9391", kill_on_drop: false }`
[INFO] running `Command { std: "docker" "rm" "-f" "07eb423c36251529b927250f08c1a0e79e061ff0eddfd6075b4d0df0474c9391", kill_on_drop: false }`
[INFO] [stdout] 07eb423c36251529b927250f08c1a0e79e061ff0eddfd6075b4d0df0474c9391
